{"id":7829,"date":"2021-12-20T18:04:44","date_gmt":"2021-12-20T16:04:44","guid":{"rendered":"https:\/\/xrcb.cat\/ca\/podcast\/entrevistes-a-personatges-de-ledat-moderna\/"},"modified":"2021-12-20T18:04:44","modified_gmt":"2021-12-20T16:04:44","slug":"entrevistes-a-personatges-de-ledat-moderna","status":"publish","type":"podcast","link":"https:\/\/xrclab.cat\/ca\/podcast\/entrevistes-a-personatges-de-ledat-moderna\/","title":{"rendered":"Entrevistes a personatges de l&#8217;Edat Moderna"},"content":{"rendered":"<p>Despr\u00e9s de dedicar-se\u00a0 a l&#8217;estudi del per\u00edode hist\u00f2ric de l&#8217;Edat Moderna, els alumnes de 3r d&#8217;ESO de l&#8217;IETN\u00a0han imaginat com seria una viatge en el temps per tal de con\u00e8ixer a diferents\u00a0persones que han destacat d&#8217;alguna manera en aquells segles remots. Cop\u00e8rnic,\u00a0Artemisia\u00a0Gentileschi, Anne Bonny, Isaac Newton&#8230; tots i totes han col\u00b7laborat amb m\u00e9s o menys entusiasme. Esperem que aquesta intromissi\u00f3 en el passat no hagi provocat conseq\u00fc\u00e8ncies inesperades en el present.<\/p>\n","protected":false},"author":40,"template":"","podcast_category":[],"podcast_tag":[1140,1172,116],"podcast_programa":[],"class_list":["post-7829","podcast","type-podcast","status-publish","hentry","podcast_tag-radioescolar","podcast_tag-entrevistes","podcast_tag-historia"],"acf":[],"_links":{"self":[{"href":"https:\/\/xrclab.cat\/ca\/wp-json\/wp\/v2\/podcasts\/7829","targetHints":{"allow":["GET"]}}],"collection":[{"href":"https:\/\/xrclab.cat\/ca\/wp-json\/wp\/v2\/podcasts"}],"about":[{"href":"https:\/\/xrclab.cat\/ca\/wp-json\/wp\/v2\/types\/podcast"}],"author":[{"embeddable":true,"href":"https:\/\/xrclab.cat\/ca\/wp-json\/wp\/v2\/users\/40"}],"wp:attachment":[{"href":"https:\/\/xrclab.cat\/ca\/wp-json\/wp\/v2\/media?parent=7829"}],"wp:term":[{"taxonomy":"podcast_category","embeddable":true,"href":"https:\/\/xrclab.cat\/ca\/wp-json\/wp\/v2\/podcast_category?post=7829"},{"taxonomy":"podcast_tag","embeddable":true,"href":"https:\/\/xrclab.cat\/ca\/wp-json\/wp\/v2\/podcast_tag?post=7829"},{"taxonomy":"podcast_programa","embeddable":true,"href":"https:\/\/xrclab.cat\/ca\/wp-json\/wp\/v2\/podcast_programa?post=7829"}],"curies":[{"name":"wp","href":"https:\/\/api.w.org\/{rel}","templated":true}]}}

<p>Després de dedicar-se  a l&#8217;estudi del període històric de l&#8217;Edat Moderna, els alumnes de 3r d&#8217;ESO de l&#8217;IETN han imaginat com seria una viatge en el temps per tal de conèixer a diferents persones que han destacat d&#8217;alguna manera en aquells segles remots. Copèrnic, Artemisia Gentileschi, Anne Bonny, Isaac Newton&#8230; tots i totes han col·laborat amb més o menys entusiasme. Esperem que aquesta intromissió en el passat no hagi provocat conseqüències inesperades en el present.</p>
