{"id":5711,"date":"2020-12-17T20:52:14","date_gmt":"2020-12-17T18:52:14","guid":{"rendered":"https:\/\/xrcb.cat\/ca\/?post_type=podcast&#038;p=5711"},"modified":"2020-12-17T20:52:14","modified_gmt":"2020-12-17T18:52:14","slug":"radioteatre-trampa-mortal-dira-levin","status":"publish","type":"podcast","link":"https:\/\/xrclab.cat\/ca\/podcast\/radioteatre-trampa-mortal-dira-levin\/","title":{"rendered":"Radioteatre: \u2018Trampa mortal\u2019, d\u2019Ira Levin"},"content":{"rendered":"<p>Com\u00e8dia d\u2019intriga escrita pel dramaturg nord-americ\u00e0\u00a0<strong>Ira Levin<\/strong>, \u00e9s una obra molt celebrada i representada amb \u00e8xit arreu del m\u00f3n. El grup de teatre<strong>\u00a0\u2018No sabem on anem\u2019<\/strong>\u00a0la va presentar els dies 3 i 4 de mar\u00e7 de 2018 a la sala d\u2019actes de la\u00a0<strong>Fundaci\u00f3 Cultural Hostafrancs<\/strong>. Posteriorment els actors van enregistrar els di\u00e0legs per a\u00a0<strong>R\u00e0dio Hostafrancs<\/strong>\u00a0i se\u2019n va fer l\u2019adaptaci\u00f3 sonora.<\/p>\n","protected":false},"author":38,"template":"","podcast_category":[941],"podcast_tag":[1040],"podcast_programa":[1039],"class_list":["post-5711","podcast","type-podcast","status-publish","hentry","podcast_category-radio-art","podcast_tag-radioteatre","podcast_programa-radioteatre"],"acf":[],"_links":{"self":[{"href":"https:\/\/xrclab.cat\/ca\/wp-json\/wp\/v2\/podcasts\/5711","targetHints":{"allow":["GET"]}}],"collection":[{"href":"https:\/\/xrclab.cat\/ca\/wp-json\/wp\/v2\/podcasts"}],"about":[{"href":"https:\/\/xrclab.cat\/ca\/wp-json\/wp\/v2\/types\/podcast"}],"author":[{"embeddable":true,"href":"https:\/\/xrclab.cat\/ca\/wp-json\/wp\/v2\/users\/38"}],"wp:attachment":[{"href":"https:\/\/xrclab.cat\/ca\/wp-json\/wp\/v2\/media?parent=5711"}],"wp:term":[{"taxonomy":"podcast_category","embeddable":true,"href":"https:\/\/xrclab.cat\/ca\/wp-json\/wp\/v2\/podcast_category?post=5711"},{"taxonomy":"podcast_tag","embeddable":true,"href":"https:\/\/xrclab.cat\/ca\/wp-json\/wp\/v2\/podcast_tag?post=5711"},{"taxonomy":"podcast_programa","embeddable":true,"href":"https:\/\/xrclab.cat\/ca\/wp-json\/wp\/v2\/podcast_programa?post=5711"}],"curies":[{"name":"wp","href":"https:\/\/api.w.org\/{rel}","templated":true}]}}

<p>Comèdia d’intriga escrita pel dramaturg nord-americà <strong>Ira Levin</strong>, és una obra molt celebrada i representada amb èxit arreu del món. El grup de teatre<strong> ‘No sabem on anem’</strong> la va presentar els dies 3 i 4 de març de 2018 a la sala d’actes de la <strong>Fundació Cultural Hostafrancs</strong>. Posteriorment els actors van enregistrar els diàlegs per a <strong>Ràdio Hostafrancs</strong> i se’n va fer l’adaptació sonora.</p>
