{"id":5559,"date":"2020-12-01T20:09:19","date_gmt":"2020-12-01T18:09:19","guid":{"rendered":"https:\/\/xrcb.cat\/ca\/?post_type=podcast&#038;p=5559"},"modified":"2022-05-25T18:17:52","modified_gmt":"2022-05-25T16:17:52","slug":"universo-poetico-de-lorca","status":"publish","type":"podcast","link":"https:\/\/xrclab.cat\/ca\/podcast\/universo-poetico-de-lorca\/","title":{"rendered":"Universo po\u00e9tico de Lorca"},"content":{"rendered":"<p>Gravaci\u00f3 de l&#8217;espectacle po\u00e8tic dedicat a Federico Garcia Lorca, recitat pel Grup de Dramaturgia de Trinitat Nova i enregistrat a l&#8217;Espai Educatiu Trinitat Nova (IeTN) durant el mes de desembre de 2018.<\/p>\n","protected":false},"author":40,"template":"","podcast_category":[],"podcast_tag":[1015,1016],"podcast_programa":[1014],"class_list":["post-5559","podcast","type-podcast","status-publish","hentry","podcast_tag-federico-garcia-lorca","podcast_tag-ietn","podcast_programa-veus-de-la-trini-radio-comunitaria"],"acf":[],"_links":{"self":[{"href":"https:\/\/xrclab.cat\/ca\/wp-json\/wp\/v2\/podcasts\/5559","targetHints":{"allow":["GET"]}}],"collection":[{"href":"https:\/\/xrclab.cat\/ca\/wp-json\/wp\/v2\/podcasts"}],"about":[{"href":"https:\/\/xrclab.cat\/ca\/wp-json\/wp\/v2\/types\/podcast"}],"author":[{"embeddable":true,"href":"https:\/\/xrclab.cat\/ca\/wp-json\/wp\/v2\/users\/40"}],"wp:attachment":[{"href":"https:\/\/xrclab.cat\/ca\/wp-json\/wp\/v2\/media?parent=5559"}],"wp:term":[{"taxonomy":"podcast_category","embeddable":true,"href":"https:\/\/xrclab.cat\/ca\/wp-json\/wp\/v2\/podcast_category?post=5559"},{"taxonomy":"podcast_tag","embeddable":true,"href":"https:\/\/xrclab.cat\/ca\/wp-json\/wp\/v2\/podcast_tag?post=5559"},{"taxonomy":"podcast_programa","embeddable":true,"href":"https:\/\/xrclab.cat\/ca\/wp-json\/wp\/v2\/podcast_programa?post=5559"}],"curies":[{"name":"wp","href":"https:\/\/api.w.org\/{rel}","templated":true}]}}

Universo poético de Lorca

<p>Gravació de l&#8217;espectacle poètic dedicat a Federico Garcia Lorca, recitat pel Grup de Dramaturgia de Trinitat Nova i enregistrat a l&#8217;Espai Educatiu Trinitat Nova (IeTN) durant el mes de desembre de 2018.</p>
