{"id":5557,"date":"2020-12-01T20:05:20","date_gmt":"2020-12-01T18:05:20","guid":{"rendered":"https:\/\/xrcb.cat\/ca\/?post_type=podcast&#038;p=5557"},"modified":"2022-05-25T18:18:02","modified_gmt":"2022-05-25T16:18:02","slug":"les-veus-de-la-trini-2","status":"publish","type":"podcast","link":"https:\/\/xrclab.cat\/ca\/podcast\/les-veus-de-la-trini-2\/","title":{"rendered":"Les veus de La Trini #2"},"content":{"rendered":"<p>Les veus de La Trini \u00e9s un espai de trobada pel barri de Trinitat Nova, on tothom pot agafar el micr\u00f2fon per dir-hi la seva i fer que la veu de la Trini se senti des de ben lluny! Esperem els vostres missatges d&#8217;\u00e0udio al tel\u00e8fon 603554866, cantant, recitant, explicant contes, saludant, felicitant o dient tot all\u00f2 que vulgueu! El programa es realitza a trav\u00e9s de la R\u00e0dio TriniSound, de l&#8217;Institut Escola\/ Espai Educatiu Trinitat Nova. Una r\u00e0dio educativa i comunit\u00e0ria feta entre totes les ve\u00efnes i ve\u00efns de Trinitat Nova.<\/p>\n","protected":false},"author":40,"template":"","podcast_category":[917],"podcast_tag":[231,1012,1013],"podcast_programa":[1014],"class_list":["post-5557","podcast","type-podcast","status-publish","hentry","podcast_category-barri","podcast_tag-barri","podcast_tag-la-trini","podcast_tag-radio-trinisound","podcast_programa-veus-de-la-trini-radio-comunitaria"],"acf":[],"_links":{"self":[{"href":"https:\/\/xrclab.cat\/ca\/wp-json\/wp\/v2\/podcasts\/5557","targetHints":{"allow":["GET"]}}],"collection":[{"href":"https:\/\/xrclab.cat\/ca\/wp-json\/wp\/v2\/podcasts"}],"about":[{"href":"https:\/\/xrclab.cat\/ca\/wp-json\/wp\/v2\/types\/podcast"}],"author":[{"embeddable":true,"href":"https:\/\/xrclab.cat\/ca\/wp-json\/wp\/v2\/users\/40"}],"wp:attachment":[{"href":"https:\/\/xrclab.cat\/ca\/wp-json\/wp\/v2\/media?parent=5557"}],"wp:term":[{"taxonomy":"podcast_category","embeddable":true,"href":"https:\/\/xrclab.cat\/ca\/wp-json\/wp\/v2\/podcast_category?post=5557"},{"taxonomy":"podcast_tag","embeddable":true,"href":"https:\/\/xrclab.cat\/ca\/wp-json\/wp\/v2\/podcast_tag?post=5557"},{"taxonomy":"podcast_programa","embeddable":true,"href":"https:\/\/xrclab.cat\/ca\/wp-json\/wp\/v2\/podcast_programa?post=5557"}],"curies":[{"name":"wp","href":"https:\/\/api.w.org\/{rel}","templated":true}]}}

<p>Les veus de La Trini és un espai de trobada pel barri de Trinitat Nova, on tothom pot agafar el micròfon per dir-hi la seva i fer que la veu de la Trini se senti des de ben lluny! Esperem els vostres missatges d&#8217;àudio al telèfon 603554866, cantant, recitant, explicant contes, saludant, felicitant o dient tot allò que vulgueu! El programa es realitza a través de la Ràdio TriniSound, de l&#8217;Institut Escola/ Espai Educatiu Trinitat Nova. Una ràdio educativa i comunitària feta entre totes les veïnes i veïns de Trinitat Nova.</p>
