{"id":5064,"date":"2020-08-13T11:47:00","date_gmt":"2020-08-13T10:47:00","guid":{"rendered":"https:\/\/xrcb.cat\/ca\/?post_type=podcast&#038;p=5064"},"modified":"2020-11-13T12:22:25","modified_gmt":"2020-11-13T10:22:25","slug":"1-allo-personal-es-poetic","status":"publish","type":"podcast","link":"https:\/\/xrclab.cat\/ca\/podcast\/1-allo-personal-es-poetic\/","title":{"rendered":"1. All\u00f2 personal \u00e9s po\u00e8tic"},"content":{"rendered":"<p>Parafrasejant a\u00a0<a href=\"https:\/\/es.wikipedia.org\/wiki\/Carol_Hanisch\" target=\"_blank\" rel=\"noopener noreferrer\">Carol Hanisch<\/a>, ens fem ress\u00f2 de la m\u00edtica frase &#8220;All\u00f2 personal \u00e9s pol\u00edtic&#8221; per tornar-ho po\u00e8tic. Amb les veus d&#8217;Isabel Segura i\u00a0<a href=\"http:\/\/www.martavergonyos.net\/\" target=\"_blank\" rel=\"noopener noreferrer\">Marta Vergony\u00f3s<\/a>.<\/p>\n","protected":false},"author":31,"template":"","podcast_category":[],"podcast_tag":[339,134],"podcast_programa":[],"class_list":["post-5064","podcast","type-podcast","status-publish","hentry","podcast_tag-dones-i-cultura","podcast_tag-feminisme"],"acf":[],"_links":{"self":[{"href":"https:\/\/xrclab.cat\/ca\/wp-json\/wp\/v2\/podcasts\/5064","targetHints":{"allow":["GET"]}}],"collection":[{"href":"https:\/\/xrclab.cat\/ca\/wp-json\/wp\/v2\/podcasts"}],"about":[{"href":"https:\/\/xrclab.cat\/ca\/wp-json\/wp\/v2\/types\/podcast"}],"author":[{"embeddable":true,"href":"https:\/\/xrclab.cat\/ca\/wp-json\/wp\/v2\/users\/31"}],"wp:attachment":[{"href":"https:\/\/xrclab.cat\/ca\/wp-json\/wp\/v2\/media?parent=5064"}],"wp:term":[{"taxonomy":"podcast_category","embeddable":true,"href":"https:\/\/xrclab.cat\/ca\/wp-json\/wp\/v2\/podcast_category?post=5064"},{"taxonomy":"podcast_tag","embeddable":true,"href":"https:\/\/xrclab.cat\/ca\/wp-json\/wp\/v2\/podcast_tag?post=5064"},{"taxonomy":"podcast_programa","embeddable":true,"href":"https:\/\/xrclab.cat\/ca\/wp-json\/wp\/v2\/podcast_programa?post=5064"}],"curies":[{"name":"wp","href":"https:\/\/api.w.org\/{rel}","templated":true}]}}

1. Allò personal és poètic

<p>Parafrasejant a <a href="https://es.wikipedia.org/wiki/Carol_Hanisch" target="_blank" rel="noopener noreferrer">Carol Hanisch</a>, ens fem ressò de la mítica frase &#8220;Allò personal és polític&#8221; per tornar-ho poètic. Amb les veus d&#8217;Isabel Segura i <a href="http://www.martavergonyos.net/" target="_blank" rel="noopener noreferrer">Marta Vergonyós</a>.</p>
