{"id":4106,"date":"2019-12-02T18:13:31","date_gmt":"2019-12-02T17:13:31","guid":{"rendered":"https:\/\/xrcb.cat\/ca\/?post_type=podcast&#038;p=4106"},"modified":"2019-12-02T18:13:31","modified_gmt":"2019-12-02T17:13:31","slug":"radio-trinijove_via-labora-barcelona-28-11-2019","status":"publish","type":"podcast","link":"https:\/\/xrclab.cat\/ca\/podcast\/radio-trinijove_via-labora-barcelona-28-11-2019\/","title":{"rendered":"R\u00e0dio Trinijove_Via l\u00e0bora Barcelona 28-11-2019"},"content":{"rendered":"<p>Estrenem nova temporada de l&#8217;espai VIA L\u00c0BORA BARCELONA, un projecte del Programa L\u00e0bora i la Fundaci\u00f3 Trinijove que des de principis d&#8217;any est\u00e0 visibilitzant el funcionament d&#8217;aquest programa d&#8217;ocupaci\u00f3 de la ciutat, aix\u00ed com tamb\u00e9 els agents implicats en el programa i els beneficis que aporta a tots ells.<\/p>\n<p>En el 5\u00e8 VIA L\u00c0BORA BCN que ja portem hem donat veu per primer cop a les empreses que aposten i creuen en el Programa L\u00e0bora, com Across Logistics que \u00e9s la que ens ha visitat avui, i a l&#8217;equip de prospecci\u00f3 laboral. Amb Manel Luque, Branch Manager i Director de l&#8217;oficina d&#8217;Across, hem parlat sobre com col\u00b7labora amb el Programa L\u00e0bora i quins beneficis els aportar fer-ho, engrescant aix\u00ed al sector empresarial a participar-hi.<\/p>\n<p>Un treball de camp \u00e9s el que est\u00e0 fent aquest programa d&#8217;ocupaci\u00f3, concretament l&#8217;equip de prospecci\u00f3, per donar-se a con\u00e8ixer en l&#8217;\u00e0mbit empresarial. El prospector i referent en els processos de selecci\u00f3 de l&#8217;Across Logistics, amb qui hem comptat avui \u00e9s en Rub\u00e9n Molin\u00e9, que ens ha explicat la tasca d&#8217;intermediaci\u00f3 entre les empreses i els participants, segons les necessitats i els perfils d&#8217;ambd\u00f3s agents, a banda d&#8217;altres tasques que es realitzen des de l&#8217;\u00e0rea de prospecci\u00f3.<\/p>\n<p>Bona prova del funcionament del Programa L\u00e0bora \u00e9s el bon encaix produ\u00eft entre l&#8217;empresa i el participant gr\u00e0cies a la feina pr\u00e8via del propector. Avui ho hem pogut constatar a trav\u00e9s de l&#8217;Elena Fern\u00e1ndez, participant del Programa L\u00e0bora i comercial d&#8217;Across Logistics, que ha trobat en aquest programa l&#8217;oportunitat professional que tant anhelava despr\u00e9s de l&#8217;experi\u00e8ncia que ja tenia.<\/p>\n","protected":false},"author":19,"template":"","podcast_category":[],"podcast_tag":[898],"podcast_programa":[644],"class_list":["post-4106","podcast","type-podcast","status-publish","hentry","podcast_tag-temes-socials-i-voluntariat","podcast_programa-via-labora-barcelona"],"acf":[],"_links":{"self":[{"href":"https:\/\/xrclab.cat\/ca\/wp-json\/wp\/v2\/podcasts\/4106","targetHints":{"allow":["GET"]}}],"collection":[{"href":"https:\/\/xrclab.cat\/ca\/wp-json\/wp\/v2\/podcasts"}],"about":[{"href":"https:\/\/xrclab.cat\/ca\/wp-json\/wp\/v2\/types\/podcast"}],"author":[{"embeddable":true,"href":"https:\/\/xrclab.cat\/ca\/wp-json\/wp\/v2\/users\/19"}],"wp:attachment":[{"href":"https:\/\/xrclab.cat\/ca\/wp-json\/wp\/v2\/media?parent=4106"}],"wp:term":[{"taxonomy":"podcast_category","embeddable":true,"href":"https:\/\/xrclab.cat\/ca\/wp-json\/wp\/v2\/podcast_category?post=4106"},{"taxonomy":"podcast_tag","embeddable":true,"href":"https:\/\/xrclab.cat\/ca\/wp-json\/wp\/v2\/podcast_tag?post=4106"},{"taxonomy":"podcast_programa","embeddable":true,"href":"https:\/\/xrclab.cat\/ca\/wp-json\/wp\/v2\/podcast_programa?post=4106"}],"curies":[{"name":"wp","href":"https:\/\/api.w.org\/{rel}","templated":true}]}}

Ràdio Trinijove_Via làbora Barcelona 28-11-2019

<p>Estrenem nova temporada de l&#8217;espai VIA LÀBORA BARCELONA, un projecte del Programa Làbora i la Fundació Trinijove que des de principis d&#8217;any està visibilitzant el funcionament d&#8217;aquest programa d&#8217;ocupació de la ciutat, així com també els agents implicats en el programa i els beneficis que aporta a tots ells.</p>
<p>En el 5è VIA LÀBORA BCN que ja portem hem donat veu per primer cop a les empreses que aposten i creuen en el Programa Làbora, com Across Logistics que és la que ens ha visitat avui, i a l&#8217;equip de prospecció laboral. Amb Manel Luque, Branch Manager i Director de l&#8217;oficina d&#8217;Across, hem parlat sobre com col·labora amb el Programa Làbora i quins beneficis els aportar fer-ho, engrescant així al sector empresarial a participar-hi.</p>
<p>Un treball de camp és el que està fent aquest programa d&#8217;ocupació, concretament l&#8217;equip de prospecció, per donar-se a conèixer en l&#8217;àmbit empresarial. El prospector i referent en els processos de selecció de l&#8217;Across Logistics, amb qui hem comptat avui és en Rubén Moliné, que ens ha explicat la tasca d&#8217;intermediació entre les empreses i els participants, segons les necessitats i els perfils d&#8217;ambdós agents, a banda d&#8217;altres tasques que es realitzen des de l&#8217;àrea de prospecció.</p>
<p>Bona prova del funcionament del Programa Làbora és el bon encaix produït entre l&#8217;empresa i el participant gràcies a la feina prèvia del propector. Avui ho hem pogut constatar a través de l&#8217;Elena Fernández, participant del Programa Làbora i comercial d&#8217;Across Logistics, que ha trobat en aquest programa l&#8217;oportunitat professional que tant anhelava després de l&#8217;experiència que ja tenia.</p>
