{"id":3847,"date":"2019-11-06T11:05:20","date_gmt":"2019-11-06T10:05:20","guid":{"rendered":"https:\/\/xrcb.cat\/ca\/?post_type=podcast&#038;p=3847"},"modified":"2019-11-21T11:09:29","modified_gmt":"2019-11-21T10:09:29","slug":"radio-trinijove_encomana-el-catala","status":"publish","type":"podcast","link":"https:\/\/xrclab.cat\/ca\/podcast\/radio-trinijove_encomana-el-catala\/","title":{"rendered":"R\u00e0dio Trinijove_Encomana el catal\u00e0"},"content":{"rendered":"<p>Programa que d\u00f3na a con\u00e8ixer la cultura catalana de tots els territoris de parla catalana, especialment al districte de Sant Andreu i a Barcelona.<\/p>\n<p>A &#8216;Encomana el catal\u00e0&#8217; aprendr\u00e0s tot el que no saps de la llengua catalana i la seva cultura. Parlarem de teatre, llengua, literatura, m\u00fasica, folklore, televisi\u00f3 i gastronomia, entre molts altres temes. T&#8217;ho perdr\u00e0s?<\/p>\n<p>Cada dimarts, de 16.30 h a 18 h, R\u00e0dio Trinijove t&#8217;Encomana el catal\u00e0&#8217;!<\/p>\n","protected":false},"author":19,"template":"","podcast_category":[],"podcast_tag":[898],"podcast_programa":[632],"class_list":["post-3847","podcast","type-podcast","status-publish","hentry","podcast_tag-temes-socials-i-voluntariat","podcast_programa-encomana-el-catala"],"acf":[],"_links":{"self":[{"href":"https:\/\/xrclab.cat\/ca\/wp-json\/wp\/v2\/podcasts\/3847","targetHints":{"allow":["GET"]}}],"collection":[{"href":"https:\/\/xrclab.cat\/ca\/wp-json\/wp\/v2\/podcasts"}],"about":[{"href":"https:\/\/xrclab.cat\/ca\/wp-json\/wp\/v2\/types\/podcast"}],"author":[{"embeddable":true,"href":"https:\/\/xrclab.cat\/ca\/wp-json\/wp\/v2\/users\/19"}],"wp:attachment":[{"href":"https:\/\/xrclab.cat\/ca\/wp-json\/wp\/v2\/media?parent=3847"}],"wp:term":[{"taxonomy":"podcast_category","embeddable":true,"href":"https:\/\/xrclab.cat\/ca\/wp-json\/wp\/v2\/podcast_category?post=3847"},{"taxonomy":"podcast_tag","embeddable":true,"href":"https:\/\/xrclab.cat\/ca\/wp-json\/wp\/v2\/podcast_tag?post=3847"},{"taxonomy":"podcast_programa","embeddable":true,"href":"https:\/\/xrclab.cat\/ca\/wp-json\/wp\/v2\/podcast_programa?post=3847"}],"curies":[{"name":"wp","href":"https:\/\/api.w.org\/{rel}","templated":true}]}}

Ràdio Trinijove_Encomana el català

<p>Programa que dóna a conèixer la cultura catalana de tots els territoris de parla catalana, especialment al districte de Sant Andreu i a Barcelona.</p>
<p>A &#8216;Encomana el català&#8217; aprendràs tot el que no saps de la llengua catalana i la seva cultura. Parlarem de teatre, llengua, literatura, música, folklore, televisió i gastronomia, entre molts altres temes. T&#8217;ho perdràs?</p>
<p>Cada dimarts, de 16.30 h a 18 h, Ràdio Trinijove t&#8217;Encomana el català&#8217;!</p>
