{"id":2389,"date":"2019-03-02T21:04:26","date_gmt":"2019-03-02T20:04:26","guid":{"rendered":"https:\/\/xrcb.cat\/ca\/?post_type=podcast&#038;p=2389"},"modified":"2019-03-02T21:04:26","modified_gmt":"2019-03-02T20:04:26","slug":"diversitas-especial-centre-lgtbi","status":"publish","type":"podcast","link":"https:\/\/xrclab.cat\/ca\/podcast\/diversitas-especial-centre-lgtbi\/","title":{"rendered":"Diversitas especial centre LGTBI"},"content":{"rendered":"<p>Avui \u00e9s un gran dia per a la ciutat de Barcelona i per totes les persones que som diverses i que volem ser ser felices i lliures . Avui s&#8217;ha inaugurat el centre LGTBI a la ciutat, un espai de refer\u00e8ncia per a la diversitat sexual i de g\u00e8nere, impulsat per Plataforma LGTBIcat, que de ben segur que marcar\u00e0 un punt d&#8217;inflexi\u00f3.<\/p>\n","protected":false},"author":13,"template":"","podcast_category":[],"podcast_tag":[352,353,264],"podcast_programa":[],"class_list":["post-2389","podcast","type-podcast","status-publish","hentry","podcast_tag-diversitat","podcast_tag-lgtbi","podcast_tag-societat"],"acf":[],"_links":{"self":[{"href":"https:\/\/xrclab.cat\/ca\/wp-json\/wp\/v2\/podcasts\/2389","targetHints":{"allow":["GET"]}}],"collection":[{"href":"https:\/\/xrclab.cat\/ca\/wp-json\/wp\/v2\/podcasts"}],"about":[{"href":"https:\/\/xrclab.cat\/ca\/wp-json\/wp\/v2\/types\/podcast"}],"author":[{"embeddable":true,"href":"https:\/\/xrclab.cat\/ca\/wp-json\/wp\/v2\/users\/13"}],"wp:attachment":[{"href":"https:\/\/xrclab.cat\/ca\/wp-json\/wp\/v2\/media?parent=2389"}],"wp:term":[{"taxonomy":"podcast_category","embeddable":true,"href":"https:\/\/xrclab.cat\/ca\/wp-json\/wp\/v2\/podcast_category?post=2389"},{"taxonomy":"podcast_tag","embeddable":true,"href":"https:\/\/xrclab.cat\/ca\/wp-json\/wp\/v2\/podcast_tag?post=2389"},{"taxonomy":"podcast_programa","embeddable":true,"href":"https:\/\/xrclab.cat\/ca\/wp-json\/wp\/v2\/podcast_programa?post=2389"}],"curies":[{"name":"wp","href":"https:\/\/api.w.org\/{rel}","templated":true}]}}

<p>Avui és un gran dia per a la ciutat de Barcelona i per totes les persones que som diverses i que volem ser ser felices i lliures . Avui s&#8217;ha inaugurat el centre LGTBI a la ciutat, un espai de referència per a la diversitat sexual i de gènere, impulsat per Plataforma LGTBIcat, que de ben segur que marcarà un punt d&#8217;inflexió.</p>
