{"id":2292,"date":"2019-02-06T09:28:11","date_gmt":"2019-02-06T07:28:11","guid":{"rendered":"https:\/\/xrcb.cat\/ca\/?post_type=podcast&#038;p=2292"},"modified":"2020-11-18T11:46:42","modified_gmt":"2020-11-18T09:46:42","slug":"lubdab-art-i-maternitat","status":"publish","type":"podcast","link":"https:\/\/xrclab.cat\/ca\/podcast\/lubdab-art-i-maternitat\/","title":{"rendered":"Art i Maternitat"},"content":{"rendered":"<p>Labdub es un programa de Dublab.es on els seus programes de l&#8217; emisora parlen i debaten sobre un tema. En aquest programa el tema es Maternitat, com combinar-ho amb una professi\u00f3 art\u00edstica i si canvia la teva relaci\u00f3 amb l\u00b4art en q\u00fcesti\u00f3<\/p>\n","protected":false},"author":14,"template":"","podcast_category":[],"podcast_tag":[301,300],"podcast_programa":[393],"class_list":["post-2292","podcast","type-podcast","status-publish","hentry","podcast_tag-art-i-maternitat","podcast_tag-musica-i-maternitat","podcast_programa-labdub"],"acf":[],"_links":{"self":[{"href":"https:\/\/xrclab.cat\/ca\/wp-json\/wp\/v2\/podcasts\/2292","targetHints":{"allow":["GET"]}}],"collection":[{"href":"https:\/\/xrclab.cat\/ca\/wp-json\/wp\/v2\/podcasts"}],"about":[{"href":"https:\/\/xrclab.cat\/ca\/wp-json\/wp\/v2\/types\/podcast"}],"author":[{"embeddable":true,"href":"https:\/\/xrclab.cat\/ca\/wp-json\/wp\/v2\/users\/14"}],"wp:attachment":[{"href":"https:\/\/xrclab.cat\/ca\/wp-json\/wp\/v2\/media?parent=2292"}],"wp:term":[{"taxonomy":"podcast_category","embeddable":true,"href":"https:\/\/xrclab.cat\/ca\/wp-json\/wp\/v2\/podcast_category?post=2292"},{"taxonomy":"podcast_tag","embeddable":true,"href":"https:\/\/xrclab.cat\/ca\/wp-json\/wp\/v2\/podcast_tag?post=2292"},{"taxonomy":"podcast_programa","embeddable":true,"href":"https:\/\/xrclab.cat\/ca\/wp-json\/wp\/v2\/podcast_programa?post=2292"}],"curies":[{"name":"wp","href":"https:\/\/api.w.org\/{rel}","templated":true}]}}

<p>Labdub es un programa de Dublab.es on els seus programes de l&#8217; emisora parlen i debaten sobre un tema. En aquest programa el tema es Maternitat, com combinar-ho amb una professió artística i si canvia la teva relació amb l´art en qüestió</p>
