{"id":11599,"date":"2023-07-10T16:10:10","date_gmt":"2023-07-10T14:10:10","guid":{"rendered":"https:\/\/xrcb.cat\/ca\/podcast\/el-monte-de-las-animas-de-gustavo-adolfo-becquer\/"},"modified":"2023-07-10T16:10:11","modified_gmt":"2023-07-10T14:10:11","slug":"el-monte-de-las-animas-de-gustavo-adolfo-becquer","status":"publish","type":"podcast","link":"https:\/\/xrclab.cat\/ca\/podcast\/el-monte-de-las-animas-de-gustavo-adolfo-becquer\/","title":{"rendered":"&#8220;El monte de las \u00e1nimas&#8221;, de Gustavo Adolfo B\u00e9cquer"},"content":{"rendered":"<p>Lectura dramatitzada de l&#8217;obra &#8220;El monte de las \u00e1nimas&#8221; de Gustavo Adolfo B\u00e9cquer.<\/p>\n<p>Realitzada per l&#8217;alumnat de 4t d&#8217;ESO de l&#8217;IeTN a l&#8217;assignatura de &#8220;Lengua y literatura castellana&#8221;, durant el curs &#8217;22-&#8217;23 als estudis de R\u00e0dio TriniSound de l&#8217;Espai 3 Ulls de Trinitat Nova.<\/p>\n","protected":false},"author":40,"template":"","podcast_category":[],"podcast_tag":[1143,100,715],"podcast_programa":[],"class_list":["post-11599","podcast","type-podcast","status-publish","hentry","podcast_tag-radiocomunitaria","podcast_tag-literatura","podcast_tag-radio-teatre"],"acf":[],"_links":{"self":[{"href":"https:\/\/xrclab.cat\/ca\/wp-json\/wp\/v2\/podcasts\/11599","targetHints":{"allow":["GET"]}}],"collection":[{"href":"https:\/\/xrclab.cat\/ca\/wp-json\/wp\/v2\/podcasts"}],"about":[{"href":"https:\/\/xrclab.cat\/ca\/wp-json\/wp\/v2\/types\/podcast"}],"author":[{"embeddable":true,"href":"https:\/\/xrclab.cat\/ca\/wp-json\/wp\/v2\/users\/40"}],"wp:attachment":[{"href":"https:\/\/xrclab.cat\/ca\/wp-json\/wp\/v2\/media?parent=11599"}],"wp:term":[{"taxonomy":"podcast_category","embeddable":true,"href":"https:\/\/xrclab.cat\/ca\/wp-json\/wp\/v2\/podcast_category?post=11599"},{"taxonomy":"podcast_tag","embeddable":true,"href":"https:\/\/xrclab.cat\/ca\/wp-json\/wp\/v2\/podcast_tag?post=11599"},{"taxonomy":"podcast_programa","embeddable":true,"href":"https:\/\/xrclab.cat\/ca\/wp-json\/wp\/v2\/podcast_programa?post=11599"}],"curies":[{"name":"wp","href":"https:\/\/api.w.org\/{rel}","templated":true}]}}

&#8220;El monte de las ánimas&#8221;, de Gustavo Adolfo Bécquer

<p>Lectura dramatitzada de l&#8217;obra &#8220;El monte de las ánimas&#8221; de Gustavo Adolfo Bécquer.</p>
<p>Realitzada per l&#8217;alumnat de 4t d&#8217;ESO de l&#8217;IeTN a l&#8217;assignatura de &#8220;Lengua y literatura castellana&#8221;, durant el curs &#8217;22-&#8217;23 als estudis de Ràdio TriniSound de l&#8217;Espai 3 Ulls de Trinitat Nova.</p>
