{"id":10664,"date":"2023-03-23T16:44:51","date_gmt":"2023-03-23T14:44:51","guid":{"rendered":"https:\/\/xrcb.cat\/ca\/podcast\/sara-torres-al-festival-visibles\/"},"modified":"2023-03-23T16:44:51","modified_gmt":"2023-03-23T14:44:51","slug":"sara-torres-al-festival-visibles","status":"publish","type":"podcast","link":"https:\/\/xrclab.cat\/ca\/podcast\/sara-torres-al-festival-visibles\/","title":{"rendered":"Sara Torres al festival VisibLES"},"content":{"rendered":"<p>Vulnerabilitat en el eros lesbi\u00e0: Presentaci\u00f3 del llibre &#8220;Lo que hay&#8221; amb l&#8217;autora Sara Torres i Marta Vergony\u00f3s, en el marc del Festival de Cultures Lesbianes de La Bonne.<\/p>\n","protected":false},"author":59,"template":"","podcast_category":[],"podcast_tag":[1395,709,134],"podcast_programa":[],"class_list":["post-10664","podcast","type-podcast","status-publish","hentry","podcast_tag-activisme","podcast_tag-actualitat","podcast_tag-feminisme"],"acf":[],"_links":{"self":[{"href":"https:\/\/xrclab.cat\/ca\/wp-json\/wp\/v2\/podcasts\/10664","targetHints":{"allow":["GET"]}}],"collection":[{"href":"https:\/\/xrclab.cat\/ca\/wp-json\/wp\/v2\/podcasts"}],"about":[{"href":"https:\/\/xrclab.cat\/ca\/wp-json\/wp\/v2\/types\/podcast"}],"author":[{"embeddable":true,"href":"https:\/\/xrclab.cat\/ca\/wp-json\/wp\/v2\/users\/59"}],"wp:attachment":[{"href":"https:\/\/xrclab.cat\/ca\/wp-json\/wp\/v2\/media?parent=10664"}],"wp:term":[{"taxonomy":"podcast_category","embeddable":true,"href":"https:\/\/xrclab.cat\/ca\/wp-json\/wp\/v2\/podcast_category?post=10664"},{"taxonomy":"podcast_tag","embeddable":true,"href":"https:\/\/xrclab.cat\/ca\/wp-json\/wp\/v2\/podcast_tag?post=10664"},{"taxonomy":"podcast_programa","embeddable":true,"href":"https:\/\/xrclab.cat\/ca\/wp-json\/wp\/v2\/podcast_programa?post=10664"}],"curies":[{"name":"wp","href":"https:\/\/api.w.org\/{rel}","templated":true}]}}

<p>Vulnerabilitat en el eros lesbià: Presentació del llibre &#8220;Lo que hay&#8221; amb l&#8217;autora Sara Torres i Marta Vergonyós, en el marc del Festival de Cultures Lesbianes de La Bonne.</p>
