{"id":10143,"date":"2022-12-06T20:40:06","date_gmt":"2022-12-06T18:40:06","guid":{"rendered":"https:\/\/xrcb.cat\/ca\/podcast\/la-estrategia\/"},"modified":"2022-12-06T21:07:14","modified_gmt":"2022-12-06T19:07:14","slug":"la-estrategia","status":"publish","type":"podcast","link":"https:\/\/xrclab.cat\/ca\/podcast\/la-estrategia\/","title":{"rendered":"La estrategia"},"content":{"rendered":"<p>\u201cLa estrategia\u201d es un proyecto de Violeta Ospina Dguez, en colaboraci\u00f3n con Yazel Parra Nahmens y Radia Cava-ret, inspirado en la pel\u00edcula &#8220;La estrategia del caracol&#8221; (Sergio Cabrera, 1993).<\/p>\n<p>Esta es una versi\u00f3n de cuatro cap\u00edtulos para caminar un gui\u00f3n incompleto de &#8220;radio-novela documental&#8221; por las calles y ruinas de f\u00e1bricas que colindan el recinto de La Escocesa, en el barrio de Poblenou, epicentro del plan territorial 22@, en Barcelona.<\/p>\n<p>Son cuatro cap\u00edtulos que recogen los sentimientos pol\u00edticos tras el desalojo de un grupo de familias que vivieron hasta comienzos 2021 en la parte delantera de La Escocesa, la aceleraci\u00f3n de las construcciones nuevos edificios al rededor y su vinculaci\u00f3n con el desarrollo industrial-colonial.<\/p>\n<p>Los textos, silencios y sonidos que escucharemos surgen de conversaciones con vecinxs del barrio, artistas-residentes del recinto fabril, due\u00f1os de bares del barrio, trabajadores-artistas de La Escocesa, obreros de las construcciones de los edificios, de la prensa local, en especial, la Directa, y de largas caminatas entre 2020 y 2022.<\/p>\n<p>Agradecemos a Tamara y Florian (textos y conversaciones), David &amp; co. (conversaciones sobre el proyecto \u2018El Ritmo de la Vida\u2019), Alba Feito (trabajadora y artista de La Escocesa), Jos\u00e9 y Rosa (conversaciones de pasillo, de la asamblea vecinal y de taller), Karina del bar \u2018El Gran Combo\u2019 y Mar\u00eda del \u2018Bar Restaurante Calle Moler\u2019.<\/p>\n<p>Las voces principales son de Laura Wiesner y Yazel Parra Nahmens, qui\u00e9n adem\u00e1s introdujo apartes de investigaci\u00f3n sobre cantos de trabajo\/labor.<\/p>\n<p>Adem\u00e1s participaron un grupo de artistas, agentes, amigxs y vecinxs de La Escocesa durante la instalaci\u00f3n sonora y taller ef\u00edmero realizado en febrero de 2022.<\/p>\n<p>\u201dLa estrategia\u201d tambi\u00e9n es un proyecto de creaci\u00f3n que recibe el apoyo de la beca de investigaci\u00f3n y experimentaci\u00f3n art\u00edstica La Escocesa (2020): \u201cMemorias de las di\u00e1sporas fabriles\u201d. Esta versi\u00f3n fue realizada para un paseo en el marco de AFTER y Festival Loop, en noviembre de 2022.<\/p>\n<p>Fotos: Michell Rivas y Mariana Pinto.<\/p>\n<p>***<\/p>\n<p>cat_<\/p>\n<p>\u201cL&#8217;estrat\u00e8gia\u201d \u00e9s un projecte de Violeta *Ospina *Dguez, en col\u00b7laboraci\u00f3 amb *Yazel Parra *Nahmens i Radia Cava-*ret, inspirat en la pel\u00b7l\u00edcula &#8220;L&#8217;estrat\u00e8gia del caragol&#8221; (Sergio Cabrera, 1993).<\/p>\n<p>Aquesta \u00e9s una versi\u00f3 de quatre cap\u00edtols per a caminar un gui\u00f3 incomplet de &#8220;r\u00e0dio-novel\u00b7la documental&#8221; pels carrers i ru\u00efnes de f\u00e0briques que confinen el recinte de La Escocesa, en el barri de Poblenou, epicentre del pla territorial 22@, a Barcelona.<\/p>\n<p>S\u00f3n quatre cap\u00edtols que recullen els sentiments pol\u00edtics despr\u00e9s del desallotjament d&#8217;un grup de fam\u00edlies que van viure fins a comen\u00e7aments 2021 en la part de devant de La Escocesa, l&#8217;acceleraci\u00f3 de les construccions nous edificis al voltant i la seva vinculaci\u00f3 amb el desenvolupament industrial-colonial.<\/p>\n<p>Els textos, silencis i sons que escoltarem sorgeixen de converses amb ve\u00efnis del barri, artistes-residents del recinte fabril, amos de bars del barri, treballadors-artistes de L&#8217;Escocesa, obrers de les construccions dels edificis, de la premsa local, especialment, la Directa, i de llargues caminades entre 2020 i 2022.<\/p>\n<p>Agra\u00efm a Tamara i Florian (textos i converses), David &amp; co. (converses sobre el projecte \u2018El Ritme de la Vida\u2019), Alba Feito (treballadora i artista de L&#8217;Escocesa), Jos\u00e9 i Rosa (converses de passad\u00eds, de l&#8217;assemblea ve\u00efnal i de taller), Karina del bar \u2018El Gran Combo\u2019 i Mar\u00eda del \u2018Bar Restaurant Carrer Molers\u2019.<\/p>\n<p>Les veus principals s\u00f3n de Laura *Wiesner i Yazel Parra Nahmens, qui a m\u00e9s va introduir aparts de recerca sobre cants de treball\/labor.<\/p>\n<p>A m\u00e9s van participar un grup d&#8217;artistes, agents, amicis i ve\u00efnis de L&#8217;Escocesa durant la instal\u00b7laci\u00f3 sonora i taller ef\u00edmer realitzat al febrer de 2022.<\/p>\n<p>\u201dL&#8217;estrat\u00e8gia\u201d tamb\u00e9 \u00e9s un projecte de creaci\u00f3 que rep el suport de la beca de recerca i experimentaci\u00f3 art\u00edstica L&#8217;Escocesa (2020): \u201cMem\u00f2ries de les di\u00e0spores fabrils\u201d. Aquesta versi\u00f3 va ser realitzada per a un passeig en el marc de AFTER i Festival *Loop, al novembre de 2022.<\/p>\n<p>Fotos: Michell Rivas i Mariana Pinto.<\/p>\n","protected":false},"author":20,"template":"","podcast_category":[],"podcast_tag":[1395,131,1422],"podcast_programa":[],"class_list":["post-10143","podcast","type-podcast","status-publish","hentry","podcast_tag-activisme","podcast_tag-art","podcast_tag-gentrificacio"],"acf":[],"_links":{"self":[{"href":"https:\/\/xrclab.cat\/ca\/wp-json\/wp\/v2\/podcasts\/10143","targetHints":{"allow":["GET"]}}],"collection":[{"href":"https:\/\/xrclab.cat\/ca\/wp-json\/wp\/v2\/podcasts"}],"about":[{"href":"https:\/\/xrclab.cat\/ca\/wp-json\/wp\/v2\/types\/podcast"}],"author":[{"embeddable":true,"href":"https:\/\/xrclab.cat\/ca\/wp-json\/wp\/v2\/users\/20"}],"wp:attachment":[{"href":"https:\/\/xrclab.cat\/ca\/wp-json\/wp\/v2\/media?parent=10143"}],"wp:term":[{"taxonomy":"podcast_category","embeddable":true,"href":"https:\/\/xrclab.cat\/ca\/wp-json\/wp\/v2\/podcast_category?post=10143"},{"taxonomy":"podcast_tag","embeddable":true,"href":"https:\/\/xrclab.cat\/ca\/wp-json\/wp\/v2\/podcast_tag?post=10143"},{"taxonomy":"podcast_programa","embeddable":true,"href":"https:\/\/xrclab.cat\/ca\/wp-json\/wp\/v2\/podcast_programa?post=10143"}],"curies":[{"name":"wp","href":"https:\/\/api.w.org\/{rel}","templated":true}]}}

<p>“La estrategia” es un proyecto de Violeta Ospina Dguez, en colaboración con Yazel Parra Nahmens y Radia Cava-ret, inspirado en la película &#8220;La estrategia del caracol&#8221; (Sergio Cabrera, 1993).</p>
<p>Esta es una versión de cuatro capítulos para caminar un guión incompleto de &#8220;radio-novela documental&#8221; por las calles y ruinas de fábricas que colindan el recinto de La Escocesa, en el barrio de Poblenou, epicentro del plan territorial 22@, en Barcelona.</p>
<p>Son cuatro capítulos que recogen los sentimientos políticos tras el desalojo de un grupo de familias que vivieron hasta comienzos 2021 en la parte delantera de La Escocesa, la aceleración de las construcciones nuevos edificios al rededor y su vinculación con el desarrollo industrial-colonial.</p>
<p>Los textos, silencios y sonidos que escucharemos surgen de conversaciones con vecinxs del barrio, artistas-residentes del recinto fabril, dueños de bares del barrio, trabajadores-artistas de La Escocesa, obreros de las construcciones de los edificios, de la prensa local, en especial, la Directa, y de largas caminatas entre 2020 y 2022.</p>
<p>Agradecemos a Tamara y Florian (textos y conversaciones), David &amp; co. (conversaciones sobre el proyecto ‘El Ritmo de la Vida’), Alba Feito (trabajadora y artista de La Escocesa), José y Rosa (conversaciones de pasillo, de la asamblea vecinal y de taller), Karina del bar ‘El Gran Combo’ y María del ‘Bar Restaurante Calle Moler’.</p>
<p>Las voces principales son de Laura Wiesner y Yazel Parra Nahmens, quién además introdujo apartes de investigación sobre cantos de trabajo/labor.</p>
<p>Además participaron un grupo de artistas, agentes, amigxs y vecinxs de La Escocesa durante la instalación sonora y taller efímero realizado en febrero de 2022.</p>
<p>”La estrategia” también es un proyecto de creación que recibe el apoyo de la beca de investigación y experimentación artística La Escocesa (2020): “Memorias de las diásporas fabriles”. Esta versión fue realizada para un paseo en el marco de AFTER y Festival Loop, en noviembre de 2022.</p>
<p>Fotos: Michell Rivas y Mariana Pinto.</p>
<p>***</p>
<p>cat_</p>
<p>“L&#8217;estratègia” és un projecte de Violeta *Ospina *Dguez, en col·laboració amb *Yazel Parra *Nahmens i Radia Cava-*ret, inspirat en la pel·lícula &#8220;L&#8217;estratègia del caragol&#8221; (Sergio Cabrera, 1993).</p>
<p>Aquesta és una versió de quatre capítols per a caminar un guió incomplet de &#8220;ràdio-novel·la documental&#8221; pels carrers i ruïnes de fàbriques que confinen el recinte de La Escocesa, en el barri de Poblenou, epicentre del pla territorial 22@, a Barcelona.</p>
<p>Són quatre capítols que recullen els sentiments polítics després del desallotjament d&#8217;un grup de famílies que van viure fins a començaments 2021 en la part de devant de La Escocesa, l&#8217;acceleració de les construccions nous edificis al voltant i la seva vinculació amb el desenvolupament industrial-colonial.</p>
<p>Els textos, silencis i sons que escoltarem sorgeixen de converses amb veïnis del barri, artistes-residents del recinte fabril, amos de bars del barri, treballadors-artistes de L&#8217;Escocesa, obrers de les construccions dels edificis, de la premsa local, especialment, la Directa, i de llargues caminades entre 2020 i 2022.</p>
<p>Agraïm a Tamara i Florian (textos i converses), David &amp; co. (converses sobre el projecte ‘El Ritme de la Vida’), Alba Feito (treballadora i artista de L&#8217;Escocesa), José i Rosa (converses de passadís, de l&#8217;assemblea veïnal i de taller), Karina del bar ‘El Gran Combo’ i María del ‘Bar Restaurant Carrer Molers’.</p>
<p>Les veus principals són de Laura *Wiesner i Yazel Parra Nahmens, qui a més va introduir aparts de recerca sobre cants de treball/labor.</p>
<p>A més van participar un grup d&#8217;artistes, agents, amicis i veïnis de L&#8217;Escocesa durant la instal·lació sonora i taller efímer realitzat al febrer de 2022.</p>
<p>”L&#8217;estratègia” també és un projecte de creació que rep el suport de la beca de recerca i experimentació artística L&#8217;Escocesa (2020): “Memòries de les diàspores fabrils”. Aquesta versió va ser realitzada per a un passeig en el marc de AFTER i Festival *Loop, al novembre de 2022.</p>
<p>Fotos: Michell Rivas i Mariana Pinto.</p>
