{"id":10031,"date":"2022-11-23T12:50:33","date_gmt":"2022-11-23T10:50:33","guid":{"rendered":"https:\/\/xrcb.cat\/ca\/podcast\/radio-lalternativa-capitol-3-punt-de-vista\/"},"modified":"2022-11-23T12:53:00","modified_gmt":"2022-11-23T10:53:00","slug":"radio-lalternativa-capitol-3-punt-de-vista","status":"publish","type":"podcast","link":"https:\/\/xrclab.cat\/ca\/podcast\/radio-lalternativa-capitol-3-punt-de-vista\/","title":{"rendered":"R\u00e0dio L&#8217;Alternativa. Cap\u00edtol 3. Punt de vista"},"content":{"rendered":"<p>La directora Mar\u00eda Elorza, el cineasta \u00c9ric Baudelaire, la productora Carolina Caballero i el programador Pere Ginard, van ser els convidats del tercer programa de l&#8217;Alternativa R\u00e0dio. Quatre punts de vista ben diferents per completar la visi\u00f3 des de dins del festival. Comencem parlant de com es seleccionen els t\u00edtols de l&#8217;Alternativa, descobrim dues \u00f2peres primes a competici\u00f3 i tanquem parlant de la import\u00e0ncia de la direcci\u00f3 de fotografia.<\/p>\n","protected":false},"author":61,"template":"","podcast_category":[],"podcast_tag":[1143],"podcast_programa":[],"class_list":["post-10031","podcast","type-podcast","status-publish","hentry","podcast_tag-radiocomunitaria"],"acf":[],"_links":{"self":[{"href":"https:\/\/xrclab.cat\/ca\/wp-json\/wp\/v2\/podcasts\/10031","targetHints":{"allow":["GET"]}}],"collection":[{"href":"https:\/\/xrclab.cat\/ca\/wp-json\/wp\/v2\/podcasts"}],"about":[{"href":"https:\/\/xrclab.cat\/ca\/wp-json\/wp\/v2\/types\/podcast"}],"author":[{"embeddable":true,"href":"https:\/\/xrclab.cat\/ca\/wp-json\/wp\/v2\/users\/61"}],"wp:attachment":[{"href":"https:\/\/xrclab.cat\/ca\/wp-json\/wp\/v2\/media?parent=10031"}],"wp:term":[{"taxonomy":"podcast_category","embeddable":true,"href":"https:\/\/xrclab.cat\/ca\/wp-json\/wp\/v2\/podcast_category?post=10031"},{"taxonomy":"podcast_tag","embeddable":true,"href":"https:\/\/xrclab.cat\/ca\/wp-json\/wp\/v2\/podcast_tag?post=10031"},{"taxonomy":"podcast_programa","embeddable":true,"href":"https:\/\/xrclab.cat\/ca\/wp-json\/wp\/v2\/podcast_programa?post=10031"}],"curies":[{"name":"wp","href":"https:\/\/api.w.org\/{rel}","templated":true}]}}

Ràdio L&#8217;Alternativa. Capítol 3. Punt de vista

<p>La directora María Elorza, el cineasta Éric Baudelaire, la productora Carolina Caballero i el programador Pere Ginard, van ser els convidats del tercer programa de l&#8217;Alternativa Ràdio. Quatre punts de vista ben diferents per completar la visió des de dins del festival. Comencem parlant de com es seleccionen els títols de l&#8217;Alternativa, descobrim dues òperes primes a competició i tanquem parlant de la importància de la direcció de fotografia.</p>
